20541
In base 4, what is -3001002030 - 11?
-3001002101
In base 10, what is -5011 + 153929?
148918
In base 8, what is 14640 - -2073?
16733
In base 10, what is -30811428 + -5?
-30811433
In base 2, what is -10011000001011100101011101000 - 11?
-10011000001011100101011101011
In base 10, what is -3621210 - 1?
-3621211
In base 8, what is -505332 + -66?
-505420
In base 15, what is 2 - -95c33c?
95c33e
In base 11, what is -5 + -1315043?
-1315048
In base 4, what is -2 - 30021121221?
-30021121223
In base 3, what is 2012012010112120100 - 1?
2012012010112120022
In base 7, what is -1566 - -2350611?
2346012
In base 8, what is 5 - -1242211?
1242216
In base 14, what is 1099b1 + 173?
109b44
In base 14, what is -2b91 + 1100?
-1a91
In base 6, what is -2 - -324030455?
324030453
In base 9, what is -13766 - 342127?
-356004
In base 2, what is 100 + 101001011100000100000?
101001011100000100100
In base 14, what is 123ac88 + 0?
123ac88
In base 13, what is -6a87cb0 - -2?
-6a87cab
In base 6, what is 3100521151 - -5?
3100521200
In base 2, what is -10110101011 + 100100001?
-10010001010
In base 10, what is -30 + 333518?
333488
In base 6, what is -41 + 414200?
414115
In base 8, what is 36260 - 261?
35777
In base 15, what is 7689938 - -3?
768993b
In base 8, what is 67645636 + 125?
67645763
In base 5, what is 14232224 + 2?
14232231
In base 16, what is -1 + 3a8eb7?
3a8eb6
In base 4, what is 122130032 - -10213?
122200311
In base 10, what is -4 - -12862777?
12862773
In base 5, what is 1244241 - 4131?
1240110
In base 5, what is 400 - -10443214004?
10443214404
In base 15, what is -35 + 19338?
19303
In base 16, what is d4 - 5268?
-5194
In base 13, what is a7c2a2 + 10?
a7c2b2
In base 5, what is -11442221201 - 10?
-11442221211
In base 16, what is 31c - 9cc?
-6b0
In base 4, what is -2 - 3030131232?
-3030131300
In base 12, what is -a7 + -115468?
-115553
In base 8, what is -4250217 + 261?
-4247736
In base 12, what is -12a5 - 11a43?
-13128
In base 6, what is 14441443215 - -4?
14441443223
In base 7, what is -24 - 456441013?
-456441040
In base 15, what is -6c + -56e0?
-575c
In base 9, what is -13064 - -32844?
18770
In base 11, what is -21a14 + 4a?
-21975
In base 3, what is -21001011000020 - 212?
-21001011001002
In base 13, what is 2704b3 - -c?
2704c2
In base 6, what is 11552040 - -24?
11552104
In base 8, what is 3 + -147636521?
-147636516
In base 7, what is 252621461 - -5?
252621466
In base 7, what is -235 - 1553534?
-1554102
In base 6, what is -1004204 + 103212?
-500552
In base 12, what is 2 + -33685b?
-336859
In base 11, what is 258a5 - 365a?
22246
In base 9, what is -7 + 1837741?
1837733
In base 14, what is -134d6cb + -4?
-134d6d1
In base 6, what is 540 - -134325?
135305
In base 2, what is 110110 + -1000111101101100101110?
-1000111101101011111000
In base 9, what is -13706 - 5007?
-18714
In base 11, what is 8 + -1730516?
-1730509
In base 8, what is 1022 - 540701?
-537657
In base 14, what is -9d3 + 1d7b1?
1cbbc
In base 16, what is 80dd9 - 28?
80db1
In base 12, what is -172a54 - -315?
-17273b
In base 15, what is -19 + 27c304?
27c2da
In base 2, what is 1001111 - 1100110101101010001?
-1100110101100000010
In base 8, what is 232 - 375555?
-375323
In base 16, what is -5 - -1cb51a?
1cb515
In base 5, what is -31231010213 + 10?
-31231010203
In base 12, what is -4 + -34761323?
-34761327
In base 8, what is -6503 + -566746?
-575451
In base 14, what is -168a6 + -1b91?
-18657
In base 5, what is 14041042 - 12?
14041030
In base 16, what is a317 - -46?
a35d
In base 4, what is 331331321231 + 103?
331331322000
In base 3, what is 1110010102221 - -1022?
1110010111020
In base 5, what is 2344321 - 0?
2344321
In base 2, what is -1001 - 10000111010001010001101?
-10000111010001010010110
In base 14, what is -3007 + 80bb?
50b4
In base 14, what is -108 + -42aa01?
-42ab09
In base 11, what is 4257a - -726?
431a5
In base 15, what is 223ee07 - -1?
223ee08
In base 4, what is -111013 + 200310?
23231
In base 9, what is -47351 + -514?
-47865
In base 13, what is 32ab47 + 18?
32ab62
In base 2, what is 1 + -100110010000011101110?
-100110010000011101101
In base 14, what is -29 + 514c4?
51499
In base 8, what is 3 - -1606740134?
1606740137
In base 3, what is -12 + 1121122020011112?
1121122020011100
In base 16, what is -12 - 18fdc6?
-18fdd8
In base 14, what is -dc03c02 + 0?
-dc03c02
In base 9, what is 3654644 - 3?
3654641
In base 12, what is 4327 - -1219a?
16505
In base 15, what is -803 - -1896c?
18169
In base 3, what is -10201200120210221 - -20?
-10201200120210201
In base 6, what is -15 + 353554124?
353554105
In base 9, what is 1047130 - -13?
1047143
In base 16, what is 3e3 - -1869?
1c4c
In base 14, what is -4637 - 83?
-46ba
In base 6, what is -1010344002 + 2?
-1010344000
In base 13, what is -16387986 + 1?
-16387985
In base 12, what is 76 + -3b535?
-3b47b
In base 12, what is 4468a5 - -1b?
446904
In base 14, what is c + -1659b?
-1658d
In base 6, what is 532122 + -15054?
513024
In base 5, what is 3111223033 + 13?
3111223101
In base 9, what is 164445058 + -6?
164445052
In base 16, what is -c69a155 + -2?
-c69a157
In base 15, what is 1681c6c + 3?
1681c70
In base 14, what is 3a88 + 10c5?
4b6d
In base 13, what is 17 - 218316b?
-2183154
In base 4, what is 11 - 1132132220223?
-1132132220212
In base 8, what is -1 + -70251666?
-70251667
In base 11, what is -3 + -5680608?
-5680610
In base 4, what is -233013 + -1222230?
-2121303
In base 14, what is -12b8a4 - -89?
-12b819
In base 6, what is 11101225 + 4304?
11105533
In base 10, what is -7218 - 5924?
-13142
In base 10, what is 44 - 266749?
-266705
In base 16, what is 1312 + -752?
bc0
In base 6, what is -1135004 + -2541?
-1141545
In base 6, what is -10 + 31410304?
31410254
In base 12, what is -12a2 + 3651?
236b
In base 7, what is -1 + 324530360?
324530356
In base 2, what is -1001 + 1011111010100100001101?
1011111010100100000100
In base 10, what is 1 - 17315076?
-17315075
In base 7, what is 641332144 + 4?
641332151
In base 10, what is 68 - 2551484?
-2551416
In base 6, what is 555153 + -3351?
551402
In base 3, what is -1102002200 + -22111?
-1102102011
In base 14, what is 1 - 588c64?
-588c63
In base 11, what is -387a866 + 3?
-387a863
In base 16, what is 4135 + -b57?
35de
In base 16, what is a3 + -4244f?
-423ac
In base 15, what is -55221 - 338?
-55559
In base 10, what is -36959 + 620?
-36339
In base 8, what is -14617245 + 131?
-14617114
In base 3, what is 201021 - 120110012?
-112201221
In base 9, what is 5 + -10255876?
-10255871
In base 9, what is 82872228 - -30?
82872258
In base 15, what is -1780ac3e + -4?
-1780ac43
In base 4, what is -10 - 2001131111?
-2001131121
In base 7, what is -4011006442 - -4?
-4011006435
In base 3, what is -110120200012 + -10122?
-110120210211
In base 11, what is -138 - -37a810?
37a683
In base 8, what is 56077227 + -73?
56077134
In base 10, what is 4 - 263859606?
-263859602
In base 8, what is 206 - -20502417?
20502625
In base 7, what is 24532 - -265102?
322634
In base 6, what is -35 - 51403433?
-51403512
In base 11, what is 13635a + 45?
1363a4
In base 7, what is 1310354 - -434?
1311121
In base 15, what is 2 - 50aec8c?
-50aec8a
In base 5, what is -10331434322 + -1?
-10331434323
In base 6, what is 125215502 + -11?
125215451
In base 9, what is 5854377 - 0?
5854377
In base 3, what is -102120 + -2120010200?
-2120120020
In base 12, what is 317 - 4144?
-3a29
In base 14, what is 9502c64 + 3?
9502c67
In base 2, what is -1 + 1110110001111110101000011001?
1110110001111110101000011000
In base 13, what is 3 - -145a9a1?
145a9a4
In base 3, what is 12 + -202002210000210?
-202002210000121
In base 13, what is -2b353 + -185?
-2b508
In base 8, what is 45434 + -32363?
13051
In base 6, what is -13522530 - 154?
-13523124
In base 13, what is 18 + -1188b1c?
-1188b04
In base 8, what is 2055521 - -261?
2056002
In base 14, what is 48b9 + 27?
4902
In base 16, what is -2a8 - 8813b?
-883e3
In base 16, what is 0 + 6e1838d?
6e1838d
In base 6, what is -21 - 41340344?
-41340405
In base 13, what is 71b078 + 10?
71b088
In base 13, what is 10 + 107bb52?
107bb62
In base 2, what is 11000 - -1100011000101110100?
1100011000110001100
In base 13, what is 54949 - 41?
54908
In base 10, what is 406 + 15389?
15795
In base 11, what is 2 + 7169170?
7169172
In base 5, what is -10 - -10313240412?
10313240402
In base 10, wha